{"id":1313,"date":"2020-06-20T15:34:33","date_gmt":"2020-06-20T18:34:33","guid":{"rendered":"https:\/\/insvillaangela-cha.infd.edu.ar\/sitio\/?page_id=1313"},"modified":"2020-06-20T15:34:33","modified_gmt":"2020-06-20T18:34:33","slug":"consejo-directivo","status":"publish","type":"page","link":"https:\/\/insvillaangela-cha.infd.edu.ar\/sitio\/consejo-directivo\/","title":{"rendered":"CONSEJO DIRECTIVO"},"content":{"rendered":"<p style=\"text-align: center;\">\u00d3RGANO COLEGIADO INSTITUCIONAL:<\/p>\n<h1 style=\"text-align: center;\">CONSEJO DIRECTIVO<\/h1>\n<p><strong><u>DE LOS INTEGRANTES <\/u><\/strong><\/p>\n<p>El Consejo Directivo estar\u00e1 integrado por: Rector, Docentes (profesor y administrativo), Alumnos, Secretario.<\/p>\n<p>La representaci\u00f3n de docentes y alumnos ser\u00e1 de un 50% y 50% respectivamente:<\/p>\n<ul>\n<li>Seis titulares y seis suplentes por el claustro docente.<\/li>\n<li>Seis titulares y seis suplentes por el claustro de alumnos.<\/li>\n<\/ul>\n<p><strong><u>FUNCIONES\u00a0 DEL CONSEJO DIRECTIVO<\/u><\/strong><\/p>\n<ul>\n<li>Velar el Cumplimiento de los objetivos del Nivel Superior y de la Instituci\u00f3n, asegurando la calidad de la ense\u00f1anza\u00a0 del futuro egresado.<\/li>\n<li>Aprobar el ROI y RAI.<\/li>\n<li>Aconsejar sobre la creaci\u00f3n de carreras de formaci\u00f3n docente y t\u00e9cnicas.<\/li>\n<li>Evaluar y disponer sobre sanciones a los \u00a0miembros de la comunidad educativa\u00a0 que hubieran incurrido en actos de indisciplina<\/li>\n<li>Ejercer un peri\u00f3dico control\u00a0 de la administraci\u00f3n de los fondos de la Instituci\u00f3n.<\/li>\n<li>Atender en los eventuales\u00a0 reclamos por disconformidad ante el\u00a0 otorgamiento de equivalencias.<\/li>\n<li>Elaborar, revisar y actualizar el Reglamento Interno el cual ser\u00e1 aprobado por Asamblea de Consejo Directivo.<\/li>\n<li>Disponer de la conformaci\u00f3n de una Junta Electoral entre los miembros de la comunidad educativa para elecciones del Consejo Directivo con 3 meses de anticipaci\u00f3n al mes de las elecciones.<\/li>\n<\/ul>\n<p><strong><u>DE LA REPRESENTACI\u00d3N<\/u><\/strong><\/p>\n<ul>\n<li>Docentes: ser docente titular, interino o suplente sin t\u00e9rmino, con concepto no inferior a Bueno, ni haber\u00a0 sido sancionado en los dos \u00faltimos a\u00f1os\u00a0 anteriores a la elecci\u00f3n. Dos a\u00f1os de antig\u00fcedad, como m\u00ednimo en el nivel.<\/li>\n<li>Alumnos: ser alumno regular de primero y segundo a\u00f1o, que cursen con r\u00e9gimen presencial en dos o m\u00e1s espacios\/unidades curriculares o taller, por a\u00f1o, como m\u00ednimo, no haber sido sancionado y no pertenecer a la Comisi\u00f3n Directiva del Centro de Estudiantes de la Instituci\u00f3n.<\/li>\n<\/ul>\n<p><strong><u>DE LA ELECCI\u00d3N DE REPRESENTANTES <\/u><\/strong><\/p>\n<p>La elecci\u00f3n de\u00a0 los representantes\u00a0 ser\u00e1 realizada por sus pares en votaci\u00f3n secreta, individual y obligatoria. El acto eleccionario estar\u00e1 a cargo de\u00a0 una Junta Electoral elegida a tal efecto. La Junta se regir\u00e1 por el Reglamento en vigencia.<\/p>\n<p><strong><u>DE LA DURACI\u00d3N DEL MANDATO<\/u><\/strong><\/p>\n<p>Los integrantes del Consejo directivo\u00a0 durar\u00e1n 2 (dos) a\u00f1os en sus funciones. Podr\u00e1n ser reelectos en su totalidad.<\/p>\n<p><img decoding=\"async\" loading=\"lazy\" class=\" wp-image-1314 aligncenter\" src=\"https:\/\/insvillaangela-cha.infd.edu.ar\/sitio\/wp-content\/uploads\/2020\/06\/iesva-concejo-directivo-1000x750.jpeg\" alt=\"\" width=\"727\" height=\"545\" srcset=\"https:\/\/insvillaangela-cha.infd.edu.ar\/sitio\/wp-content\/uploads\/2020\/06\/iesva-concejo-directivo-1000x750.jpeg 1000w, https:\/\/insvillaangela-cha.infd.edu.ar\/sitio\/wp-content\/uploads\/2020\/06\/iesva-concejo-directivo-768x576.jpeg 768w, https:\/\/insvillaangela-cha.infd.edu.ar\/sitio\/wp-content\/uploads\/2020\/06\/iesva-concejo-directivo.jpeg 1280w\" sizes=\"(max-width: 727px) 100vw, 727px\" \/><\/p>\n","protected":false},"excerpt":{"rendered":"<p>\u00d3RGANO COLEGIADO INSTITUCIONAL: CONSEJO DIRECTIVO DE LOS INTEGRANTES El Consejo Directivo estar\u00e1 integrado por: Rector, Docentes (profesor y administrativo), Alumnos, Secretario. La representaci\u00f3n de docentes y alumnos ser\u00e1 de un 50% y 50% respectivamente: Seis titulares y seis suplentes por el claustro docente. Seis titulares y seis suplentes por el claustro de alumnos. FUNCIONES\u00a0 DEL &#8230; <a title=\"CONSEJO DIRECTIVO\" class=\"read-more\" href=\"https:\/\/insvillaangela-cha.infd.edu.ar\/sitio\/consejo-directivo\/\" aria-label=\"More on CONSEJO DIRECTIVO\">[+]<\/a><\/p>\n","protected":false},"author":2428,"featured_media":0,"parent":0,"menu_order":0,"comment_status":"closed","ping_status":"closed","template":"","meta":[],"acf":[],"_links":{"self":[{"href":"https:\/\/insvillaangela-cha.infd.edu.ar\/sitio\/wp-json\/wp\/v2\/pages\/1313"}],"collection":[{"href":"https:\/\/insvillaangela-cha.infd.edu.ar\/sitio\/wp-json\/wp\/v2\/pages"}],"about":[{"href":"https:\/\/insvillaangela-cha.infd.edu.ar\/sitio\/wp-json\/wp\/v2\/types\/page"}],"author":[{"embeddable":true,"href":"https:\/\/insvillaangela-cha.infd.edu.ar\/sitio\/wp-json\/wp\/v2\/users\/2428"}],"replies":[{"embeddable":true,"href":"https:\/\/insvillaangela-cha.infd.edu.ar\/sitio\/wp-json\/wp\/v2\/comments?post=1313"}],"version-history":[{"count":1,"href":"https:\/\/insvillaangela-cha.infd.edu.ar\/sitio\/wp-json\/wp\/v2\/pages\/1313\/revisions"}],"predecessor-version":[{"id":1317,"href":"https:\/\/insvillaangela-cha.infd.edu.ar\/sitio\/wp-json\/wp\/v2\/pages\/1313\/revisions\/1317"}],"wp:attachment":[{"href":"https:\/\/insvillaangela-cha.infd.edu.ar\/sitio\/wp-json\/wp\/v2\/media?parent=1313"}],"curies":[{"name":"wp","href":"https:\/\/api.w.org\/{rel}","templated":true}]}}