{"id":1325,"date":"2020-06-20T17:19:14","date_gmt":"2020-06-20T20:19:14","guid":{"rendered":"https:\/\/insvillaangela-cha.infd.edu.ar\/sitio\/?page_id=1325"},"modified":"2020-12-23T16:39:40","modified_gmt":"2020-12-23T19:39:40","slug":"biblioteca-escolar-prof-carlos-alberto-palaia","status":"publish","type":"page","link":"https:\/\/insvillaangela-cha.infd.edu.ar\/sitio\/biblioteca-escolar-prof-carlos-alberto-palaia\/","title":{"rendered":"Biblioteca Carlos Palaia"},"content":{"rendered":"<p>&nbsp;<\/p>\n<p><strong>BIBLIOTECA ESCOLAR \u201cPROFESOR CARLOS ALBERTO PALAIA\u201d <\/strong><\/p>\n<p>El personal de biblioteca, compuesto por:<\/p>\n<ul>\n<li>Coordinador: Carlos Paez.<\/li>\n<li>Bibliotecarios:<\/li>\n<li>Aguirre, Rodrigo.<\/li>\n<li>Kornisky, Lorena.<\/li>\n<li>Vega, Eliana.<\/li>\n<\/ul>\n<p>&nbsp;<\/p>\n<p>Le da la bienvenida a la Biblioteca Escolar \u201cProfesor Carlos Alberto Palaia\u201d, que es una parte fundamental de la instituci\u00f3n, ya que es el lugar donde se congregan los alumnos para realizar todo tipo de actividades relacionadas con la formaci\u00f3n profesional. El Instituto de Educaci\u00f3n Superior Villa \u00c1ngela, tiene como uno de sus ejes principales el proceso, el desarrollo de profesionales de la educaci\u00f3n; por lo tanto, la Biblioteca es el punto de encuentro donde los alumnos, buscan los contenidos solicitados en cada c\u00e1tedra y realizan las actividades solicitadas. Asimismo, es un lugar de contenci\u00f3n para los alumnos que pasan largas jornadas en la instituci\u00f3n, ya que encuentran en la biblioteca un lugar donde no solo pueden estudiar, sino como un lugar donde pueden descansar y tener un momento de esparcimiento ya que cuenta con una sala climatizada, juegos (ejemplo, ajedrez) y lecturas de distracci\u00f3n.<\/p>\n<p>Por \u00faltimo, la biblioteca provee de diferentes materiales para facilitar la actividad de estudio de los alumnos, convirti\u00e9ndose en una alternativa efectiva para los alumnos que no cuentan con todos los materiales necesarios para estudiar (como, por ejemplo, se les brinda el uso gratuito de una computadora con acceso a internet para realizar los trabajos pr\u00e1cticos), como tambi\u00e9n les brinda una plataforma virtual, compuesta de la siguiente manera:<\/p>\n<p><img decoding=\"async\" loading=\"lazy\" class=\"size-medium wp-image-1331 aligncenter\" src=\"https:\/\/insvillaangela-cha.infd.edu.ar\/sitio\/wp-content\/uploads\/2020\/06\/biblioteca-1000x527.jpg\" alt=\"\" width=\"1000\" height=\"527\" srcset=\"https:\/\/insvillaangela-cha.infd.edu.ar\/sitio\/wp-content\/uploads\/2020\/06\/biblioteca-1000x527.jpg 1000w, https:\/\/insvillaangela-cha.infd.edu.ar\/sitio\/wp-content\/uploads\/2020\/06\/biblioteca-768x405.jpg 768w, https:\/\/insvillaangela-cha.infd.edu.ar\/sitio\/wp-content\/uploads\/2020\/06\/biblioteca.jpg 1450w\" sizes=\"(max-width: 1000px) 100vw, 1000px\" \/><\/p>\n<table style=\"height: 306px;\" width=\"1359\">\n<tbody>\n<tr>\n<td width=\"333\"><img decoding=\"async\" loading=\"lazy\" class=\"alignright\" src=\"https:\/\/www.65ymas.com\/uploads\/s1\/86\/98\/como-crear-cuenta-de-gmail-desde-ordenador.jpeg\" alt=\"\" width=\"87\" height=\"87\" \/><\/td>\n<td width=\"333\">bibliocarlosalbertopalaia@gmail.com<\/td>\n<\/tr>\n<tr>\n<td width=\"333\"><img decoding=\"async\" loading=\"lazy\" class=\"alignright\" src=\"data:image\/png;base64,iVBORw0KGgoAAAANSUhEUgAAAOEAAADhCAMAAAAJbSJIAAAAwFBMVEX1fAD\/\/\/\/EYwD1eAD4pXD1egD4fQDFZADDXgDbbwDOaAD97d7VlnD0cgDEYQDHbCP97drBWQDUawDPhEjAVADgcQD89\/HmdADteAD3l0j82sH26Nn37OHhtZTLeTfu1MHw28rqzLTHaxXcp372jjX3nmD3omj6xZ36yKX6wJT2lEP84Mr5toP1gxX707T3lE\/RiE7UkWLlagDkvqX4o17+9ev3nVT4q3H2iSvUkVrgspDWmGn4r3v5uI\/ZoHT3n1m0iN9vAAAGn0lEQVR4nO2da1ubShRGucglyWF0gJCouZiYWo3GamM87dG2\/\/9fdQCTGk9kD4Q9g332+twSVvdcmRdqGARBEARBEARBEARBEARBEARBEARBEARBEARBEATxV+M4Nozj6L7Nagi3IDBmx58uDgq5+DVfiD9pfyxNR9yyc\/H5ZJCYMiTJ0e2P2QeyFNWbXx5JuW1x8rz4EJJ2MLvqlNd7kXwwmu5oB8cnVfUyVje2rVuiACeYX+\/ll5LcBI11tBe3e\/uldB6DRjZVx76RGzoluDUaWEbb2K8DbrOaB7qF3hIc11bAnOeGtdTguV4\/wWWj5o3gqnZB0RkbpBhcIgia5nVjGiqSoFjiNEQRpYnmXDZiREUYZP5w0wBF+xhR0DTn2qd+x6h5HnzDSvuAate5ktnFreZ2GtwgC5rmo9Z26ixw22hKR2s7DerZLhVzo7GI9lyBoJloLGKw\/45eBn1FRJ4KN6y0DacB9kyx5l9NRXRmigTFJkOPoY234n5D8k3LWOPYlR\/8lkbPWKNmqsi51mKItu\/dQbLQ0UyDCocvldGxOHUchYLmZw2G9oVKQx3zhf1Z4saS5d3oEGT0fQltUXQsayQWNMl5zH0mgc\/5f8C1dBgOIMHBIbdkYTwqLqP6OR9+PpNMfWlBgX9YeLUH5UMNvCj9XkrQsvhT0dWelRuCO6exfBPNYfys4HI\/1Bt+AgzvS5ZQtNOfBZdTPyGC0yFj2W23wxZI2M6LeFjQtTUYHhQLDmJxz17PcKUwup4wZKv3r6f+sSlkeCa6YctwZS\/nGqEYawomIPWLGsjwNLa60n4pbsvyi6ZY5bsLyDCJW6UEhWI4LZpir1QXETI0o9JDg31feMFvisca0LD84SbwAL2jOIcKGpZeSdrQKulIbaoPNrwudz8OvJRPnu0gyxSnYIltgA3N2zIpQ9uROSFYXT48fkn55qCHGCQMzeuZbMrQDublHk0mncsF8uAqYyjK+BhI8avK+QByikHOULA6AilYrBWCu5KTNsQEdRXQCEPUpVwzDDHbaTMME8R5sRmG5vyvN\/yEtxxviOEBGZIhGWqHDMmQDPVDhmRIhvohQzIkQ\/2QIRmSoX7IkAzJUD9kiG44GN5NvSpM74ZgcKEBhslPLpfz3h39\/inxBq5ew8GUs7IZ061E7RQuo1bDxCudoX0bqfXAKmo1vNtXUCjeNdmwdM57F3zcYMPyOe8d+MVxRVxDKOftZ6OMJ5Pz3hn99tK\/znzgVy4QDYGsfpbzbsvmvHdFv3tpvj0GhlPEU27nS\/FP5znv\/WiJjlj0DobgC15SAXpnZlA2570DtwvWcIYYGeoVz1UJL5vz3oHb4sCv9GoweY+vwL\/uXR09xAYmxMHXGn7kPb4CU1UtH7GC3qYeoxoui3\/cnO1fRDD6vcQ07BW+TCc42jt37tjQ6+JPmP2wz4BfN0\/2\/JqsDX+DivVrstlFPz6Ffr8zC16C9RWwgxkY\/T6NMQ0NDnXEtIwPC6OSn7F4kIh+LzmmoMEi+BbEjLXqVEEu+h0xTEG3XfiqmQoGfnv\/VUWBYciHmg2HPMQ0NLpspNlwxLqYgkYf3oHjMuYW6lBquJYvNdagEfkWaiMVHdGKgd0bKmexhdsNxbpNbxFFCTHXbBliCz7RJjjhloUtKJopK3w5GZNkytAbadpMLX6uyfBclBC9kRqGZzFNM8aYM8vDF3S7lsXgswUEEo9Z+z\/pksGz9IynYhxVUcK8iDq6YtoJ1ZQwK6KlfAU+TAWVlNDIhlMx2kyUCk6yg1cFA2mGmBPT0wWVipP0RETBXLimn50RKWyoWRO1PNxdxWvcXnYKpmy4Oc+zAT1lJcy+nJNVEfiiXD0kUX6yXMOZSBnF\/DtWvoe\/uhm\/hB9QH8\/s4uVTXfwct4zJSwu12or9jHxWzAIwE0TByTqeo2omfE3\/JVjAeIS16z+LNvEjdcPoa0VvHZ6II4zuOI7idbRD4TyxTXsTEOEjudCdNIPhiG+iKxr64JpwE4Jh3I+W4LGNJKfLyH8Vjwv1Ceb7jLWjz2P2NBxL\/j+ku0kG4+UTS79i++fCivYT7yn225a1ZcljbxTd\/1OF+2jkxXzLTrTQvlbBlJb1hjQoWg3G\/pfc3DeeUwfuq95YN6H8ZyZRcfs4jqH+BrpBOHrwHZfCa5Jfimv06ixk2GtI+9xCSLba+5fSa7caqZfjuka\/122F7WqErW6vn16k4VROl2YJU4IgCIIgCIIgCIIgCIIgCIIgCIIgCIIgiA\/Mb07yqYA94hWZAAAAAElFTkSuQmCC\" alt=\"\" width=\"80\" height=\"80\" \/><\/td>\n<td width=\"333\"><a href=\"https:\/\/bibliotecacarlosalbertopalaia.blogspot.com\/\">https:\/\/bibliotecacarlosalbertopalaia.blogspot.com\/<\/a><\/td>\n<\/tr>\n<tr>\n<td width=\"333\"><img decoding=\"async\" loading=\"lazy\" class=\"alignright\" src=\"data:image\/png;base64,iVBORw0KGgoAAAANSUhEUgAAAOEAAADhCAMAAAAJbSJIAAAAb1BMVEVCZ7L\/\/\/+5w95GarM2YK80Xq+pttc+ZbFfe7s6YrCHmsmZqdA8Y7Ds8PdSdLlffr3V3OyQpNFrh8Lg5vIvW633+fyCmsxKb7fG0eier9WtutnAy+Ta4e91jsR8k8eMn8zP1ulvh8Dx9PkmVqvo7ff2SOu1AAAEYklEQVR4nO3da3uqOBSG4YDBmDYkHEStp1qn\/\/83jqfuvWemoxGarBWu9\/myP9XNfS0sIJGK7FpZ1Y0VY8k2dVXeZOL6T+6kNtTb9YMZLV3+h7B1cky8a0a69ktYWU29OUHStroKWzu+AV4ztr0I3TgneE67szCX1NsRMJlnonRj3UfPGVeKaswjPA2xEvV434XndC2aMe+kp920EeM5Vfu+sfsQQgghhBBCCCGEEPJJKWOM1lpKfc5cUkoo6g37mbQshG12+8XLe\/1+6mWx3+8+GjezSyXnRXESq1SpyuhiPlmsq21bHrvudrc667ruWJafn227rQ6b9euisUWStySUFM3r6pfrfq\/pEc18Oa2OfryzMLW7Lnry4Tu9JGeoin31DC+1GSrjDk\/NL7UZmsn0aV9SM5R2+7wvoRmq4q3HABMSnoC9fMnspWqy6glMZIbKbPoCU5lhf2AaMyym\/YFJzFDXA4ApzNA0\/qfZSc5QyWfPRFOboR7yJkxBaNygfTSBvXTe+1CfyAyNGwjkPkOlhv2a4T9Ds+t3QZHODE0+FMh8hmo5eITMZygHna+lMEPZ63OLhITGlY8FD4Wc91LZ95OLfwgZz1ANufD9LWQ8Q2U\/f0LIeIZm9gSk267y9Xo9\/XfrD8bfFtELX95xs58tJ0rLb2IMFIXnCU05nRQmyRvbc7+jYTXTCeIuSa9r343ivB\/eb+kjLJfpAk3jc9q9Y3wweJTZewhXyS4nEZ4XFu8Jj1Do18fA0iY8Qq\/z7kNBvZVD8rkfM01aKNceb0PGFw6P8zlpS\/tL2D7C2eiFSf8q9RIuqTdyUD7CCfVGDgpCCPkHIYT8gxBC\/kEIIf8ghJB\/EELIv1EI1Xc33r\/6y0NoinuvcIr4E2Pl\/rt24o88bnLf+\/FLb7RE\/fLYMLDP+diFK9pbNxGEa9o7qBGExKvaIghfxi7sdrQ3p8ILqR9FHl7YEt9+Cy+sJmMXHoiX24QX5sRrNcIL30Y\/wz3xSobwQuq\/WxFeSOuLIOxor50iCNvRCzfUC\/uCC8mXLgYX1tQriIMLqQ+HwYUd+eLM0MLSUS9dDC3cki\/ODC08EF8dhhduqN+GwYXEH5ZGENJ\/BTiwsCM\/HAYXkh8OQwuP9OvcQwupz7uDC7fUV4cn4XtQIfG9w3Nq6Wb\/n\/V4ZsS9n59x+LuG6l5zj5UKwtx5AWrdw0ax2uRuEELIPwgh5B+EEPIPQgj5ByGE\/IMQQv5BCCH\/IISQfxBCyD8IIeQfhBDyD0II+QchhPyDEEL+QQgh\/yCEkH8QQsg\/CCHkH4QQ8g9CCPkHIYT8gxBC\/kEIIf8g\/EEh0bMJogmtIHrMSyyhaURN8zCiWEJdi4rmgVKxhLISRA82jyQ0rhRZTjLESEKZZyLrHMU7MY5Qu+wkzFpLsJ9GERrbXoRZZeNPMYZQ2yq7CrPWydhjDC800rXZlzDrcid1VGRgodHS3f4HcXu1sqqbmCdwYYW2qavy9ip\/A3YKUMidEST2AAAAAElFTkSuQmCC\" alt=\"\" width=\"88\" height=\"88\" \/><\/td>\n<td width=\"333\"><a href=\"https:\/\/www.facebook.com\/carlosalberto.palaia.18\">https:\/\/www.facebook.com\/carlosalberto.palaia.18<\/a><\/td>\n<\/tr>\n<tr>\n<td width=\"333\"><img decoding=\"async\" loading=\"lazy\" class=\"alignright\" src=\"data:image\/jpeg;base64,\/9j\/4AAQSkZJRgABAQAAAQABAAD\/2wCEAAkGBxAQEBUQERITFRUVFRYXFhYXFRgVFxUVFxcWGBUYFRUZHSghGBolHhcVIjEhJSkrLjAuGB8zODMtNygtLisBCgoKDg0OGxAQGi0mHyYtMS8vLS03Ly0vLS8tLy0vLi8tLS0uLS0tLS0tLS0tLS0tLS0tLS0tLS0tLS0tLS0tLf\/AABEIAHkBoQMBIgACEQEDEQH\/xAAbAAEAAwADAQAAAAAAAAAAAAAABQYHAQMEAv\/EAE0QAAEDAgEFCwkDCQcEAwAAAAEAAgMEEQUGEiExkwcTFkFRUlNxgdLTIjI0YXJzkbGyFKHBIzM1QmKCkrTRFRdUVaKjwiWDlMMkQ2P\/xAAZAQEAAwEBAAAAAAAAAAAAAAAAAQIDBAX\/xAArEQACAgEEAQMDBAMBAAAAAAAAAQIRAxIhMVEEEzJBImFxFDOB8KGx0SP\/2gAMAwEAAhEDEQA\/ANxREQBEXCA5REQBERAEREAXC66icRsc9xsGgk9QVIxTKSZ2i+bf9VptYcWc7WT1WWmPFLJwUlNR5LlVYhFF57wDya3fwjSoGvysa3RG0D1u0n+EfiVTJq1x1n4aL9Z1ntXuyVpWz1QY8XaGl5HLawAPquQuteNGEdUtzH1XJ0j1TYjUzB0mbI9jRcm5a0AcmbYfNS2SuNF7xE5xcHXzc43c1w05t+MEXI6lI5TYs2khH5MOzyWBupurjt8lmdPiZp5c0Ah7bODSCLOb5TQb8ouO1IxWWD2roN6Jcm0IuijqWyxslafJe0OHURcLvXAdIREQBERAEREAREQBERAEREAREQBERAEREAREQBERAEREAREQBERAEREARFwgOUREAREQBERAeDFsWipmB8hOk2axoznvdxNY0aXFRba\/EZdLIIYG8W\/Oc+TtYywH8S+aaPfcRqJH6fs4jiiHNz4xI9w5Cc4C\/IFNLSkivJF2xLpqTYyeIlsS6ak2EniqURLBF2xLpqTYSeKlsS6ak2EniqURLBF2xLpqTYSeKlsS6ak2MniKUWduykxOumkZQNYyKJxBc7NubEgZxdqJtewCvCLl0VbouDqeskY+OaSBzXMcAGRvYc7i0l5FlnuIvOeTy6fwI7CCpvJ\/KitjrG0Ve1mc8eQ9oA02JbpBsQbEcWlQ26JSSRTuzXENcRI22izX6HjseL\/vLp8e4z0v5Msm6s8LpFbMgMPErvtTZR+TcWFgF73A1nk0g9iy8knWSes3XuocQnha5kUj4w+2cGnNva9tI0jWV2ZMUpxqLMYyUXbN9nLQ3OcL5oLtVzoHEOVYrlljcNZVCogY9tmgEusC4tN2mw1cnwWnZDYn9pomFxu9n5N\/KS3UT1ixWXZXYV9mrJYwLNJz2ey7T9xuOxcnh40srjLlG2aVxTXBecja+eSm3qB8TXRuzhvjHPG9SAloGa4Ws7OHUFN2xLpqTYyeIs+yBxAxVDAdTnb072ZPN+DwP4itVWPkQ0ZGi+KWqJF2xLpqTYSeKlsS6ak2EniqURYWaEXbEumpNhJ4qWxLpqTYSeKpREsEXbEumpNhJ4qWxLpqTYSeKpREsEXbEumpNhJ4qWxLpqTYSeKpREsEXbEumpNhJ4qWxLpqTYSeKpREsEXbEumpNhJ4qWxLpqTYSeKpREsEXbEumpNhJ4qWxLpqTYSeKpREsEXbEumpNhJ4qWxLpqTYSeKpREsEXbEumpNhJ4qWxLpqTYSeKpREsEXbEumpNhJ4qWxLpqTYSeKpREsEXbEumpNhJ4qWxLpqTYSeKpREsEXbEumpNhJ4qWxLpqTYSeKpREsEXbEumpNhJ4qWxLpqTYSeKpREsEXbEumpNhJ4qWxLpqTYSeKpREsEXbEumpNhJ4qWxLpqTYSeKpREsEUf7S6WkP8A2ZB9++LqOO1NPprKcb3xywOMjWjlfGQHNHKReymkS18oHfTztkaHscHNcAWuBuCDqIK7FXcmo95nqqZv5tr2SMbxMEzSXNHIM4E29asQVJKmSnYREUEhERAV3CvTK\/3sH8tGpdRGFemV\/vYP5aNS61f\/AD\/RVBERQAiIgCz3cwNn1jeSUfVIFccfxVlJTvqHfqjyRznnQ1vaVWNzPD3sp5KqTzqh+cBxZov5XaS7sstI7QZR8o826ZRHeWVTND4HjSOa4i3wcG\/EqSymY2sw+KrHE0Od6o5BaQdjs0\/ur7y7kAw+cnja0DrL22XpyHps7C4Y5NLXxuBB5rnO0fAq6lUFLpkVbaMgdGWuLTrBIPYuxoUrjWEvjmdGbb43QWk2LgNDXtvrBFj13XVSYY9zs39bmsGe77tA7SvYhkjV2cbi7osm5vizYJnxSODWSNvdxAa1zLnSTquL\/Bd2X9VT1jo3U5LnMuHPtaPNOkeWdBIPJylfeF5FTOsXtbEOWTy39jBoCkHHCaSQxzyF8rLX3xj3gXFxZobmhcM8mP1vUhbf2N4xlo0vYgMksCfLKy18xr2vkksQ2zNLWMPHp41qJXkw2vhqIhJA4OjuQLAtAI1jNIBC9S482SWSVyNoRUVsERQMuWWHtcWmfSCQfIkOkaDpDbFUjGUuEWbS5J5F1UtQyVjZGG7XtDmmxF2kXBsdIXaqkhERAEREAREQBERAEREAREQBERAEREAREQBERAEXSyqjcc1sjCeQOBOjXouu5AEREAREQBERARmEenVfs030PU8oHCPTqv2ab6HqeVZ8koIiKpIREQFdwr0yv97B\/LRqXURhXplf72D+WjXTlTlRDh4ZvjXvc++a1tr2ba5JJsNYW1Nul\/dil0TqKgf3p0\/+Hn\/iZ\/Vc\/wB6dP8A4af4x\/1VvQydEa4l+RUH+9On\/wANP8Y\/6ryYtugOqovs9HDK2aU5guQSAdeZmnzvXxa1PoT+UPUicY5OcYxBtHGT9ngJMjhqPE4\/8B+8VfXNDQGNADQAABqAGgBRWSOT7aGnDNBkdZ0ruV3E0fsjV96mnMBUTknsuEQl8so+6fUZtG1nHJK3\/SC752U\/g2N0MNPFF9qp\/IjY3863WAL8fWu7GcnaaszBO15zL5tnlvnWve2vUFGf3f4b0cm1crKUHFRdkU07RI1uLYXOAJpqSS2rOkYSOo3X3R41hsQzIp6Vg5GyMH33URLkBhwFwyTauXS7IPD7eZJtXKKx9sm5F1jka4BzSHA6iDcHqI1rI8toy\/E5GDW50bR+81o\/FTGRBfSYlNh4e58Vi5t\/1SA1w0cRs6x6lGZWfpc+9g\/4Lp8aOjI\/wZ5XcV+SQ3O8RdT1L6OTRnuIAPFKy9x2gfcFpKzTdFw51PUsrIvJzyDccUrOPtFvgVfsFxFtVBHO39dukcjhocPiCsvISkllXz\/stjdXHo8GWWLfZaRzmmz3+QzrOs9guVkM9I5jI3u0CQFzfZDi2\/aQVbcrJnYhiLKSM+Sw5l\/2tJld2AW7F17pcDY5oI2CzWw5oHIA7Qurxv8AzqPy9\/8Ahlk+q30X7Jf0Gm9xH9IUmozJf0Gm9xH9IXGUWNx0UO+v0kmzG6i539Bxlee4uU2l2dCdRtkoubLMqb+1cVu9shiiuRocY2dQA0vPrK7Zcj8ShGfDVFzhxNkka49WcbFa+gltKasr6j5SNHRUfIvK2SWT7LVefpDH2sS4a2PHO16fUrwssmN43TLxkpK0ERFQkIvHjGJR0sLppNTRoHG5x1NHrKzV+L4lichZDnNbzY3ZjWjiz33F+09i2xYXPfhdlJzUTV7LhZi3JTF4vLjlNxxNndf\/AFWBUXiuOYk2XNmmmje0AFrXGMEcpDTYk8vGtI+Lqf0yTKvLXKNiRcM1DqHyWaZfYrUxVuZHPKxuYw5rZHNFze5sCscWJ5JaUXlLSrNMRcM1DqHyX03WsyxwizHJ3Fql+KNjdPM5m+yDMMji2wD7DNva2haa5wAJJsACSeQDWtMuJ42kysJajlc2PIsvxLKitrpjDR57Wm+aGaHuA1uc+\/kj4IcjsV8\/fRfXbf3Xv8r9q1\/T175JFPVvhWaeuW6wsuo6\/FaOeKOcyZj5GMO+flGkOcAc19zY6eVW\/LSlrZI4xRF4cH+VmSCM5uadZJF9NtCpPBUkrVP5LKdq6KJkWP8AqrPbn+iRa4sNwuCpfUBkBcJ7vsWvzXXAdn+XccWdxqx\/2Tj3PqP\/ACm+IuvycKlJPUlsY4p0uDT1yvDgccraaJs9zIGAPznZxzuO7rm6z2WkxmqkcQ6cMznWJfvTbAkCwuL\/AAXHjxam7klRtKdfBqFlwsw4G4o3SJRcck77\/euqhykr8Pm3qpz3tFs5khzjmnjjff8AEjQtf01+ySZX1a5VGqIuunmbIxr2m7XNDgeUEXC7FympGYR6dV+zTfQ9TygcI9Oq\/Zpvoep5VnySgiIqkhERAV3CvTK\/3sH8tGqhusi0lI71yD72K34V6ZX+9g\/lo1Vt15n5KmfySOHxbf8ABdWH9xf34Mp+1lRdKAbWXG\/DkXxLrXyvUOY+p3gsdo\/VKvG5hSRilEoYN8cXhz7eUQHWAvxD1KiP8x\/slaFuZ+gt9qT6lzeU\/oNMfJbURF5xuEREB0zFRmOzTR00j4A0yNaXDO1WGlxA4za9hyqRkdcqoZf45JTxbwxhvM0t3w6GgHQ5o\/at8AVpjVySKt0j53LaAPbJXPcXyyPc0k8XGfje\/YFC5Wfpc+9g\/wDWr5kXgxo6RkRILjd7ras52sD1DQOxUPKz9Ln3sH\/BdWCV5ZP7GWRVFGj5R4UKumfD+sRdh5HjS3+nas5yVylNFFUQuBvYujB\/Vl80g\/P91ays6yqyMnlqzJTsGZKQXHOaMxx0PNibnnaPWs\/GnGnCfHJfJF+6PJ6dzLCjmvrH+c8lrL8Yvd7u06OwqO3U\/SYvdH6itFoKRsETIWaGsaGjsGvrOtZ1up+kxe6P1FXwT1+RqKzjpx0XnJf0Gm9xH9IWe7o9YZK3eifJia0dRcA5x+XwWhZL+g03uI\/pCzXLtmZiUhcNB3t3W3Nb\/QhR4yXrO\/uMvsRcaTLTDYo2xMdIGsaGgb0\/UF28PcP58myf\/ReiLJPDnNDm07CHAEeU7URcfrL74IYf\/h2\/xP8A6rNvBfDLr1PsZzjeJRPxD7TTk5pfG+5aWnPBGdoPV962JQYyQw8afs7fi\/8AqpxRnyxmoqK4GOLjdhERYGhnW6pWnPhgB8kNMh9oktHwAPxVryPw9sFHEANL2iRx5XPF9PUCAqZupxEVMTuJ0Vu1rjf5hX3J6cSUkDhqMTPiGgH7wuvLtgikYw\/cZILJ90f08+xH8lrCyfdH9PPsRqPD\/c\/gnP7TWGah1D5LKN0j0\/8A7cf4rV2ah1D5LJ90k\/8Azyf\/AM4\/xU+H+5\/BGb2mrs1DqHyX03WF8RG7QfUPkvtutchsZHkx+l2++l+T1qOLQOkp5Y2+c+N7R1lpAWX5Mfpdvvpfk9a0uvy3U1+DHDwzHsjsabQ1BdK12aWljrDymEG+rj1aQtMo8paKW2ZUR3PE52Yfg6y8+NZI0lU4vc0sedb2HNJPK4Ws4+shVms3Nna4qgH1PZb72\/0Vpyw5ncm0yIqcNluaDZrhxOHYR6l9t1hY7S1tXhVRvbiQG2Lo87OY9h03HFq1FbBA8ODXDUQCOo6QufNheOt7TNIT1GS5F\/pVntz\/AESLW1keRh\/6qz25\/okWuLXzPevwUwe0KKxbKOkpTmyygO5rfKd2gau1fGV2JupaOSVnn6GtPIXEC\/ZcnsVDyHycZWufNOXFjHAWvpe8i5Lna7KmLDFwc5vYtKbT0x5LDNuj0oPkxTO9fkt\/FVLK7KNle6NzYizew4XLg4kEgjUNHH8Vp1Pk\/RR+bTQjivvbSfidKpm6jCxn2cMa1o\/KaGgDm8i38eWL1FpiymRS07stuR5vQU\/ux9xKmFDZG+gU\/ux8yplcmT3v8m0eERmEenVfs030PU8oHCPTqv2ab6HqeWU+SyCIiqSEREBXcK9Mr\/ewfy0agN1qK9Ex3Nnb97XhT+FemV\/vYP5aNRe6fHfDnnmviP8AqA\/FdGN1kX8GcvazN3G9j6guFxGbtaeVoXswmjE88cJdmB7rF3JrOj16LL1W6VnNR45PNf7JWhbmfoLfak+pVLKfCm0r3RteXAx52mwc299DrdSmtz7H6SKnZBJM1khc\/Q64HlOuPKtYfFc3kfVjTReG0tzQEQBc2Xnm5whNlzY8i+XjQgPOTcrPMrq8YjPFQ0wL82S7320A+abHkaCbnlsFoLjYEnQBrJ0AdZ4lRcmHtnxuWeAfkg12c4CwcSGi\/aQT2LbFtcuikujSIm2aByAD4CyynKz9Ln3sH\/BayoypyfpJZd+fC10l2nOJN7ttY6\/UEwZVjk2+ickNSpEouERYlwsz3U\/SYvdH6lpij8SwSmqXB00TXkCwJJ0DXbQVtgyLHPUymSOqNI+Ml\/Qab3Ef0hQW6Bk4+pa2eEXkjBDmjW9mvR6xp0esq2U8DY2NjYLNaA1o5ABYBdirHI4z1olxTjTMwyXy2dSsFPUMc9jNDSND2DmkG1wPiFZXboFABcGUnk3sj7ybKXxHJ+kqDnSwsLucPJd2uGkqNZkJh4N97eeuR1lvKeCb1NNP7FFHItkyBky7lqJ4ooI97Y6RgJPlPc3OFxyN0da0NeLD8Ip6f8zCxh5Q0Zx63HSV7VhllCVaFSLxTXLCIizLFfy1wE1kADLb5GS5n7Wixb2\/MKjYDlTUYfenkjzmgnyHXY5hOux5CtXe8NFyQByk2HxXTVUMM352KOQftsa75hdGPMox0SVozlC3ae5Q590SaTyKemAedAu4yG\/qa0C6quPsqRPerJMrg1xva4B1Cw0DqWy01BBCCY4ooxxlrGs67kBZbjUor8UDYtLXPYwHiLWWzndWhxXT484uT0xpVyZ5Iut2a0zUOofJZ3uo4W7PZVAEtzd7fbiIJLSeQG5HYtGK+JY2vaWuAc0ixBFwR6wuLFkeOepG046lRn2CboLY4Wx1ET3OaAA9mac4DQLgkWNlxX5ezzneaOEtc7QHHy3\/ALrRoHWbqwzZD4e52dvTm+pr3NHwUpheDU9N+Ziaw8brXcetx0rd5MC3Ud\/8Gajk4bMuyNDhicQd52e\/O6811\/vutRx+Z8dLM+MkObG4tI1ggaF10+T1JHLvzIWiQEnOub3N7nX6ypNZ58yySUki0IOKaM9wndG0BtTESefHbT6yw\/gVMP3QKDNuDKTyb2R95NlJV+S9FMS58DLnWW+QT15trrxR5CYeDfe3nrkcR8Fdy8eW9NEVkXyijV8suL1v5NhaCGt5cxg1uedXL9wWuQRhjWtGpoAHUBYLooaCGBuZDG1g5Gi1+s6z2r0rPNl10kqSLQhp3Zj1Zn4diRfm3zJC9vFnxvvqPUSOtXU7oVDm3\/K53NzNPVnXsp\/FMJp6kBs0bX21E629ThpCiI8hcPBvvbz6jI4j4XWry4siWtO10UUJx9pzjURxHDbxtLXPa2RjSbm7TfNvykAjtVKyNymFAZIpWOLHOubDymPAtpaeK3EtUpqdkbGxsaGtaLNA1AKMxXJqkqXZ8sQzuNzSWOPWRr7VXHmik4SX0smUHakuSJqN0Kia27BK88mZm\/ElUnKjGKiszJpY8yPyhELaDqzjnHS7i06lotHkdQRHOEOcf23F\/wBx0KQxHBqeozRNE1+ZfNvcZt9dgD6laGXFjlcU\/wCSJQnJU2eTI30Cn92PmVMrqpKZkTGxxtzWtFgBxDtXauWTuTZqlSIzCPTqv2ab6HqeUDhHp1X7NN9D1PKk+SyCIiqSEREBXcK9Mr\/ewfy0a4yuw59TRTQxgF7m+SCbXc0hwF+xMMdatrm8ZfA4D9kwMbf4tcOxTC2umn+ClWjD2YXXsaGfYptGj825fX9n1\/8Agptm9bci6P1cukZ+kuzEJMOr3Ag0c2kaTvb7qQyTyJlqHvFVFJFGGEAkZjt8JFiAdYAvr0aVr6KJeVJqiViVmet3P6tgzYsReGDULPFh1B9lzwFxD\/Mn\/wC531oKLP1pFtCM94C4h\/mT\/wDc76HISv8A8yd\/ud9aEietIaEZ27c7qZPJmr3OZxizz9znEK44DgcNHHvcQ9bidJceUlSaKsskpbMlRSCIioSEREAREQBERAEREAREQBERAR+UNC6opZYGWDnsIGdqv61nkWTmMU+iIvA4t7mFuwEhami2x55Y1SSr7lJQUtzL5MBxmpGZK5+bx75KA3tDSbq15KZJMoryOdnykWzgLNYOMNH4qyok\/IlJVwvsRHGk7CIixNAiIgCIiAIiIAiIgCIiAIiIAiIgCIiAjMI9Oq\/Zpvoep5QGCuBrqwjTbeGn2gwkjr0j4qfVZ8kx4CIiqSEREBCYzhUrpG1VM5rZ2NzS13mTR3vmPtpGnU4arryNyizNFTTVELuM726WP92SMG\/wBVlXKspbblaK5wopOe\/YzdxOFFJz37CbuKxop1LommVzhRSc9+wm7icKKTnv2E3cVjRNS6FMrnCik579hN3E4UUnPfsJu4rGial0KZXOFFJz37CbuJwopOe\/YTdxWNE1LoUyucKKTnv2E3cThRSc9+wm7isaJqXQplc4UUnPfsJu4nCik579hN3FY0TUuhTK5wopOe\/YTdxOFFJz37CbuKxompdCmVzhRSc9+wm7icKKTnv2E3cVjRNS6FMrnCik579hN3E4UUnPfsJu4rGial0KZXOFFJz37CbuJwopOe\/YTdxWNE1LoUyucKKTnv2E3cThRSc9+wm7isaJqXQplc4UUnPfsJu4nCik579hN3FY0TUuhTK5wopOe\/YTdxOFFJz37CbuKxompdCmVzhRSc9+wm7icKKTnv2E3cVjRNS6FMrnCik579hN3E4UUnPfsJu4rGial0KZXOFFJz37CbuJwopOe\/YTdxWNE1LoUyucKKTnv2E3cThRSc9+wm7isaJqXQplc4UUnPfsJu4nCik579hN3FY0TUuhTK5wopOe\/YTdxOFFJz37CbuKxompdCmVzhRSc9+wm7icKKTnv2E3cVjRNS6FMrnCik579hN3E4UUnPfsJu4rGial0KZXOFFJz37CbuJwopOe\/YTdxWNE1LoUyt8KKTnSHqgm7i6zitTUeTSU8jb\/AP3VDTExo5Qw+U8+qwHrVoXCa0vgiiPwTC20sWYHF7nOL5JD50kjvOceTq4hYKRXAXKo3bslBERCT\/\/Z\" alt=\"\" width=\"231\" height=\"67\" \/><\/td>\n<td width=\"333\"><a href=\"https:\/\/www.facebook.com\/biblioteca-profesor-carlos-alberto-palaia-2066015713626418\/\">https:\/\/www.facebook.com\/biblioteca-profesor-carlos-alberto-palaia-2066015713626418\/<\/a><\/td>\n<\/tr>\n<\/tbody>\n<\/table>\n<p>&nbsp;<\/p>\n<p>&nbsp;<\/p>\n","protected":false},"excerpt":{"rendered":"<p>&nbsp; BIBLIOTECA ESCOLAR \u201cPROFESOR CARLOS ALBERTO PALAIA\u201d El personal de biblioteca, compuesto por: Coordinador: Carlos Paez. Bibliotecarios: Aguirre, Rodrigo. Kornisky, Lorena. Vega, Eliana. &nbsp; Le da la bienvenida a la Biblioteca Escolar \u201cProfesor Carlos Alberto Palaia\u201d, que es una parte fundamental de la instituci\u00f3n, ya que es el lugar donde se congregan los alumnos para &#8230; <a title=\"Biblioteca Carlos Palaia\" class=\"read-more\" href=\"https:\/\/insvillaangela-cha.infd.edu.ar\/sitio\/biblioteca-escolar-prof-carlos-alberto-palaia\/\" aria-label=\"More on Biblioteca Carlos Palaia\">[+]<\/a><\/p>\n","protected":false},"author":2428,"featured_media":0,"parent":0,"menu_order":0,"comment_status":"closed","ping_status":"closed","template":"","meta":[],"acf":[],"_links":{"self":[{"href":"https:\/\/insvillaangela-cha.infd.edu.ar\/sitio\/wp-json\/wp\/v2\/pages\/1325"}],"collection":[{"href":"https:\/\/insvillaangela-cha.infd.edu.ar\/sitio\/wp-json\/wp\/v2\/pages"}],"about":[{"href":"https:\/\/insvillaangela-cha.infd.edu.ar\/sitio\/wp-json\/wp\/v2\/types\/page"}],"author":[{"embeddable":true,"href":"https:\/\/insvillaangela-cha.infd.edu.ar\/sitio\/wp-json\/wp\/v2\/users\/2428"}],"replies":[{"embeddable":true,"href":"https:\/\/insvillaangela-cha.infd.edu.ar\/sitio\/wp-json\/wp\/v2\/comments?post=1325"}],"version-history":[{"count":4,"href":"https:\/\/insvillaangela-cha.infd.edu.ar\/sitio\/wp-json\/wp\/v2\/pages\/1325\/revisions"}],"predecessor-version":[{"id":1476,"href":"https:\/\/insvillaangela-cha.infd.edu.ar\/sitio\/wp-json\/wp\/v2\/pages\/1325\/revisions\/1476"}],"wp:attachment":[{"href":"https:\/\/insvillaangela-cha.infd.edu.ar\/sitio\/wp-json\/wp\/v2\/media?parent=1325"}],"curies":[{"name":"wp","href":"https:\/\/api.w.org\/{rel}","templated":true}]}}