{"id":914,"date":"2018-08-30T16:38:08","date_gmt":"2018-08-30T19:38:08","guid":{"rendered":"https:\/\/insvillaangela-cha.infd.edu.ar\/sitio\/profesorado-para-educacion-secundaria-en-biologia\/"},"modified":"2023-06-29T09:57:44","modified_gmt":"2023-06-29T12:57:44","slug":"prof-biologia","status":"publish","type":"page","link":"https:\/\/insvillaangela-cha.infd.edu.ar\/sitio\/prof-biologia\/","title":{"rendered":"PROFESORADO PARA LA EDUCACI\u00d3N SECUNDARIA EN BIOLOG\u00cdA"},"content":{"rendered":"<h1 style=\"text-align: center;\"><img decoding=\"async\" loading=\"lazy\" class=\" wp-image-1275 alignleft\" src=\"https:\/\/insvillaangela-cha.infd.edu.ar\/sitio\/wp-content\/uploads\/2020\/06\/biologia-logo.jpg\" alt=\"\" width=\"254\" height=\"150\" srcset=\"https:\/\/insvillaangela-cha.infd.edu.ar\/sitio\/wp-content\/uploads\/2020\/06\/biologia-logo.jpg 960w, https:\/\/insvillaangela-cha.infd.edu.ar\/sitio\/wp-content\/uploads\/2020\/06\/biologia-logo-768x452.jpg 768w\" sizes=\"(max-width: 254px) 100vw, 254px\" \/> <img decoding=\"async\" loading=\"lazy\" class=\" wp-image-1274 alignright\" src=\"https:\/\/insvillaangela-cha.infd.edu.ar\/sitio\/wp-content\/uploads\/2020\/06\/biologia-camping.jpg\" alt=\"\" width=\"139\" height=\"179\" \/>TITULO A OTORGAR: Profesor\/a de Biolog\u00eda<\/h1>\n<p style=\"text-align: center;\"><strong>DURACION DE LA CARRERA EN A\u00d1OS ACADEMICOS<\/strong>: 4 a\u00f1os<\/p>\n<p style=\"text-align: center;\"><strong>ANEXO I a la RESOLUCI\u00d3N N\u00b0\u20267611\/14<\/strong><\/p>\n<h6 style=\"text-align: center;\"><u>PLAN DE ESTUDIOS<\/u><\/h6>\n<table width=\"695\">\n<tbody>\n<tr>\n<td width=\"250\">\n<p>Unidades Curriculares<\/td>\n<td width=\"76\">\n<p>DURACI\u00d3N<\/td>\n<td width=\"72\">Horas catedra<\/p>\n<p>Semanales<\/td>\n<td width=\"61\">Horas C\u00e1tedra<\/p>\n<p>Anuales<\/td>\n<td width=\"61\">Horas Reloj Anuales<\/td>\n<td width=\"174\">\n<p>CAMPOS<\/td>\n<\/tr>\n<tr>\n<td width=\"250\"><strong>PRIMER A\u00d1O<\/strong><\/td>\n<td width=\"76\"><\/td>\n<td width=\"72\"><\/td>\n<td width=\"61\"><\/td>\n<td width=\"61\"><\/td>\n<td width=\"174\"><\/td>\n<\/tr>\n<tr>\n<td width=\"250\">Pedagog\u00eda<\/td>\n<td width=\"76\">Anual<\/td>\n<td width=\"72\">4<\/td>\n<td width=\"61\">128<\/td>\n<td width=\"61\">85<\/td>\n<td rowspan=\"3\" width=\"174\">\n<p>DE LA FORMACI\u00d3N GENERAL<\/td>\n<\/tr>\n<tr>\n<td width=\"250\">Alfabetizaci\u00f3n Acad\u00e9mica<\/td>\n<td width=\"76\">Anual<\/td>\n<td width=\"72\">3<\/td>\n<td width=\"61\">96<\/td>\n<td width=\"61\">64<\/td>\n<\/tr>\n<tr>\n<td width=\"250\">Did\u00e1ctica General<\/td>\n<td width=\"76\">Anual<\/td>\n<td width=\"72\">4<\/td>\n<td width=\"61\">128<\/td>\n<td width=\"61\">85<\/td>\n<\/tr>\n<tr>\n<td width=\"250\">Introducci\u00f3n a la Biolog\u00eda<\/td>\n<td width=\"76\">1er. Cuatrim.<\/td>\n<td width=\"72\">4<\/td>\n<td width=\"61\">64<\/td>\n<td width=\"61\">43<\/td>\n<td rowspan=\"6\" width=\"174\">\n<p>DE LA FORMACION ESPECIFICA<\/td>\n<\/tr>\n<tr>\n<td width=\"250\">Investigaci\u00f3n del Mundo Natural<\/td>\n<td width=\"76\">2do. Cuatrim.<\/td>\n<td width=\"72\">3<\/td>\n<td width=\"61\">48<\/td>\n<td width=\"61\">32<\/td>\n<\/tr>\n<tr>\n<td width=\"250\">F\u00edsica General y Biolog\u00eda<\/td>\n<td width=\"76\">Anual<\/td>\n<td width=\"72\">4<\/td>\n<td width=\"61\">128<\/td>\n<td width=\"61\">85<\/td>\n<\/tr>\n<tr>\n<td width=\"250\">Matem\u00e1tica y Bioestad\u00edstica<\/td>\n<td width=\"76\">Anual<\/td>\n<td width=\"72\">4<\/td>\n<td width=\"61\">128<\/td>\n<td width=\"61\">85<\/td>\n<\/tr>\n<tr>\n<td width=\"250\">Sujeto de la Educaci\u00f3n Secundaria<\/td>\n<td width=\"76\">Anual<\/td>\n<td width=\"72\">3<\/td>\n<td width=\"61\">96<\/td>\n<td width=\"61\">64<\/td>\n<\/tr>\n<tr>\n<td width=\"250\">Qu\u00edmica General y Biol\u00f3gica<\/td>\n<td width=\"76\">Anual<\/td>\n<td width=\"72\">4<\/td>\n<td width=\"61\">128<\/td>\n<td width=\"61\">85<\/td>\n<\/tr>\n<tr>\n<td width=\"250\">Pr\u00e1ctica Docente I<\/td>\n<td width=\"76\">Anual<\/td>\n<td width=\"72\">5<\/td>\n<td width=\"61\">160<\/td>\n<td width=\"61\">107<\/td>\n<td width=\"174\">\n<p>DE LA FORMACION\u00a0 EN LA PRACTICA PROFESIONAL<\/td>\n<\/tr>\n<tr>\n<td width=\"250\"><strong>\u00a0<\/strong><\/td>\n<td width=\"76\"><\/td>\n<td width=\"72\"><\/td>\n<td width=\"61\"><\/td>\n<td width=\"61\"><\/td>\n<td width=\"174\"><\/td>\n<\/tr>\n<tr>\n<td width=\"250\"><strong>SEGUNDO A\u00d1O<\/strong><\/td>\n<td width=\"76\"><\/td>\n<td width=\"72\"><\/td>\n<td width=\"61\"><\/td>\n<td width=\"61\"><\/td>\n<td width=\"174\"><\/td>\n<\/tr>\n<tr>\n<td width=\"250\">Psicolog\u00eda<\/td>\n<td width=\"76\">Anual<\/td>\n<td width=\"72\">3<\/td>\n<td width=\"61\">96<\/td>\n<td width=\"61\">64<\/td>\n<td rowspan=\"4\" width=\"174\">\n<p>DE LA FORMACI\u00d3N GENERAL<\/td>\n<\/tr>\n<tr>\n<td width=\"250\">Filosof\u00eda<\/td>\n<td width=\"76\">Anual<\/td>\n<td width=\"72\">3<\/td>\n<td width=\"61\">96<\/td>\n<td width=\"61\">64<\/td>\n<\/tr>\n<tr>\n<td width=\"250\">Tecnolog\u00eda de la Informaci\u00f3n y de la Comunicaci\u00f3n en Educaci\u00f3n<\/td>\n<td width=\"76\">1er. Cuatrim.<\/td>\n<td width=\"72\">3<\/td>\n<td width=\"61\">48<\/td>\n<td width=\"61\">32<\/td>\n<\/tr>\n<tr>\n<td width=\"250\">Cultura y Lenguas Originarias<\/td>\n<td width=\"76\">2do. Cuatrim.<\/td>\n<td width=\"72\">3<\/td>\n<td width=\"61\">48<\/td>\n<td width=\"61\">32<\/td>\n<\/tr>\n<tr>\n<td width=\"250\">Biolog\u00eda Celular y Molecular<\/td>\n<td width=\"76\">1er. Cuatrim.<\/td>\n<td width=\"72\">6<\/td>\n<td width=\"61\">96<\/td>\n<td width=\"61\">64<\/td>\n<td rowspan=\"5\" width=\"174\">\n<p>DE LA FORMACION ESPECIFICA<\/td>\n<\/tr>\n<tr>\n<td width=\"250\">La Ense\u00f1anza de la Biolog\u00eda con TIC<\/td>\n<td width=\"76\">2do. Cuatrim.<\/td>\n<td width=\"72\">3<\/td>\n<td width=\"61\">48<\/td>\n<td width=\"61\">32<\/td>\n<\/tr>\n<tr>\n<td width=\"250\">Gen\u00e9tica y Biotecnolog\u00eda<\/td>\n<td width=\"76\">Anual<\/td>\n<td width=\"72\">5<\/td>\n<td width=\"61\">160<\/td>\n<td width=\"61\">107<\/td>\n<\/tr>\n<tr>\n<td width=\"250\">Biolog\u00eda Vegetal<\/td>\n<td width=\"76\">Anual<\/td>\n<td width=\"72\">4<\/td>\n<td width=\"61\">128<\/td>\n<td width=\"61\">85<\/td>\n<\/tr>\n<tr>\n<td width=\"250\">Did\u00e1ctica de la Biolog\u00eda I<\/td>\n<td width=\"76\">Anual<\/td>\n<td width=\"72\">3<\/td>\n<td width=\"61\">96<\/td>\n<td width=\"61\">64<\/td>\n<\/tr>\n<tr>\n<td width=\"250\">Pr\u00e1ctica Docente II<\/td>\n<td width=\"76\">Anual<\/td>\n<td width=\"72\">6<\/td>\n<td width=\"61\">192<\/td>\n<td width=\"61\">128<\/td>\n<td width=\"174\">\n<p>DE LA FORMACION\u00a0 EN LA PRACTICA PROFESIONAL<\/td>\n<\/tr>\n<tr>\n<td width=\"250\"><\/td>\n<td width=\"76\"><\/td>\n<td width=\"72\"><\/td>\n<td width=\"61\"><\/td>\n<td width=\"61\"><\/td>\n<td width=\"174\"><\/td>\n<\/tr>\n<tr>\n<td width=\"250\"><strong>TERCER A\u00d1O<\/strong><\/td>\n<td width=\"76\"><\/td>\n<td width=\"72\"><\/td>\n<td width=\"61\"><\/td>\n<td width=\"61\"><\/td>\n<td width=\"174\"><\/td>\n<\/tr>\n<tr>\n<td width=\"250\">Sociolog\u00eda de la Educaci\u00f3n<\/td>\n<td width=\"76\">Anual<\/td>\n<td width=\"72\">3<\/td>\n<td width=\"61\">96<\/td>\n<td width=\"61\">64<\/td>\n<td rowspan=\"2\" width=\"174\">\n<p>DE LA FORMACI\u00d3N GENERAL<\/td>\n<\/tr>\n<tr>\n<td width=\"250\">Historia de la Educaci\u00f3n Latinoamericana, Argentina y Chaque\u00f1a<\/td>\n<td width=\"76\">\n<p>Anual<\/td>\n<td width=\"72\">\n<p>3<\/td>\n<td width=\"61\">\n<p>96<\/td>\n<td width=\"61\">\n<p>64<\/td>\n<\/tr>\n<tr>\n<td width=\"250\">Biolog\u00eda Humana, Salud y Sexualidad<\/td>\n<td width=\"76\">Anual<\/td>\n<td width=\"72\">5<\/td>\n<td width=\"61\">160<\/td>\n<td width=\"61\">107<\/td>\n<td rowspan=\"5\" width=\"174\">\n<p>DE LA FORMACION ESPECIFICA<\/td>\n<\/tr>\n<tr>\n<td width=\"250\">Did\u00e1ctica de la Biolog\u00eda II<\/td>\n<td width=\"76\">2do.Cuatr<\/td>\n<td width=\"72\">4<\/td>\n<td width=\"61\">64<\/td>\n<td width=\"61\">43<\/td>\n<\/tr>\n<tr>\n<td width=\"250\">Microbiolog\u00eda y Mocolog\u00eda<\/td>\n<td width=\"76\">Anual<\/td>\n<td width=\"72\">3<\/td>\n<td width=\"61\">96<\/td>\n<td width=\"61\">64<\/td>\n<\/tr>\n<tr>\n<td width=\"250\">Biolog\u00eda Animal<\/td>\n<td width=\"76\">Anual<\/td>\n<td width=\"72\">4<\/td>\n<td width=\"61\">128<\/td>\n<td width=\"61\">85<\/td>\n<\/tr>\n<tr>\n<td width=\"250\">Evoluci\u00f3n<\/td>\n<td width=\"76\">Anual<\/td>\n<td width=\"72\">4<\/td>\n<td width=\"61\">128<\/td>\n<td width=\"61\">85<\/td>\n<\/tr>\n<tr>\n<td width=\"250\">Pr\u00e1ctica Docente III<\/td>\n<td width=\"76\">Anual<\/td>\n<td width=\"72\">7<\/td>\n<td width=\"61\">224<\/td>\n<td width=\"61\">150<\/td>\n<td width=\"174\">\n<p>DE LA FORMACION\u00a0 EN LA PRACTICA PROFESIONAL<\/td>\n<\/tr>\n<tr>\n<td width=\"250\"><\/td>\n<td width=\"76\"><\/td>\n<td width=\"72\"><\/td>\n<td width=\"61\"><\/td>\n<td width=\"61\"><\/td>\n<td width=\"174\"><\/td>\n<\/tr>\n<tr>\n<td width=\"250\"><strong>CUARTO A\u00d1O<\/strong><\/td>\n<td width=\"76\"><\/td>\n<td width=\"72\"><\/td>\n<td width=\"61\"><\/td>\n<td width=\"61\"><\/td>\n<td width=\"174\"><\/td>\n<\/tr>\n<tr>\n<td width=\"250\">Formaci\u00f3n en Derechos Humanos, \u00c9tica y Ciudadan\u00eda<\/td>\n<td width=\"76\">Anual<\/td>\n<td width=\"72\">4<\/td>\n<td width=\"61\">128<\/td>\n<td width=\"61\">85<\/td>\n<td width=\"174\">\n<p>DE LA FORMACI\u00d3N GENERAL<\/td>\n<\/tr>\n<tr>\n<td width=\"250\">Antropolog\u00eda<\/td>\n<td width=\"76\">Anual<\/td>\n<td width=\"72\">3<\/td>\n<td width=\"61\">96<\/td>\n<td width=\"61\">64<\/td>\n<td rowspan=\"4\" width=\"174\">\n<p>DE LA FORMACION ESPECIFICA<\/td>\n<\/tr>\n<tr>\n<td width=\"250\">Did\u00e1ctica de la Biolog\u00e1 III<\/td>\n<td width=\"76\">Anual<\/td>\n<td width=\"72\">3<\/td>\n<td width=\"61\">96<\/td>\n<td width=\"61\">64<\/td>\n<\/tr>\n<tr>\n<td width=\"250\">Ecologia y Educaci\u00f3n Ambiental<\/td>\n<td width=\"76\">Anual<\/td>\n<td width=\"72\">5<\/td>\n<td width=\"61\">160<\/td>\n<td width=\"61\">107<\/td>\n<\/tr>\n<tr>\n<td width=\"250\">Proyecto de Investigaci\u00f3n en Ciencias Biologicas<\/td>\n<td width=\"76\">Anual<\/td>\n<td width=\"72\">4<\/td>\n<td width=\"61\">128<\/td>\n<td width=\"61\">85<\/td>\n<\/tr>\n<tr>\n<td width=\"250\">Residencia Pedag\u00f3gica<\/td>\n<td width=\"76\">Anual<\/td>\n<td width=\"72\">8<\/td>\n<td width=\"61\">256<\/td>\n<td width=\"61\">170<\/td>\n<td width=\"174\">\n<p>DE LA FORMACION\u00a0 EN LA PRACTICA PROFESIONAL<\/td>\n<\/tr>\n<\/tbody>\n<\/table>\n","protected":false},"excerpt":{"rendered":"<p>TITULO A OTORGAR: Profesor\/a de Biolog\u00eda DURACION DE LA CARRERA EN A\u00d1OS ACADEMICOS: 4 a\u00f1os ANEXO I a la RESOLUCI\u00d3N N\u00b0\u20267611\/14 PLAN DE ESTUDIOS Unidades Curriculares DURACI\u00d3N Horas catedra Semanales Horas C\u00e1tedra Anuales Horas Reloj Anuales CAMPOS PRIMER A\u00d1O Pedagog\u00eda Anual 4 128 85 DE LA FORMACI\u00d3N GENERAL Alfabetizaci\u00f3n Acad\u00e9mica Anual 3 96 64 Did\u00e1ctica &#8230; <a title=\"PROFESORADO PARA LA EDUCACI\u00d3N SECUNDARIA EN BIOLOG\u00cdA\" class=\"read-more\" href=\"https:\/\/insvillaangela-cha.infd.edu.ar\/sitio\/prof-biologia\/\" aria-label=\"More on PROFESORADO PARA LA EDUCACI\u00d3N SECUNDARIA EN BIOLOG\u00cdA\">[+]<\/a><\/p>\n","protected":false},"author":2145,"featured_media":0,"parent":0,"menu_order":0,"comment_status":"closed","ping_status":"closed","template":"","meta":[],"acf":[],"_links":{"self":[{"href":"https:\/\/insvillaangela-cha.infd.edu.ar\/sitio\/wp-json\/wp\/v2\/pages\/914"}],"collection":[{"href":"https:\/\/insvillaangela-cha.infd.edu.ar\/sitio\/wp-json\/wp\/v2\/pages"}],"about":[{"href":"https:\/\/insvillaangela-cha.infd.edu.ar\/sitio\/wp-json\/wp\/v2\/types\/page"}],"author":[{"embeddable":true,"href":"https:\/\/insvillaangela-cha.infd.edu.ar\/sitio\/wp-json\/wp\/v2\/users\/2145"}],"replies":[{"embeddable":true,"href":"https:\/\/insvillaangela-cha.infd.edu.ar\/sitio\/wp-json\/wp\/v2\/comments?post=914"}],"version-history":[{"count":5,"href":"https:\/\/insvillaangela-cha.infd.edu.ar\/sitio\/wp-json\/wp\/v2\/pages\/914\/revisions"}],"predecessor-version":[{"id":1608,"href":"https:\/\/insvillaangela-cha.infd.edu.ar\/sitio\/wp-json\/wp\/v2\/pages\/914\/revisions\/1608"}],"wp:attachment":[{"href":"https:\/\/insvillaangela-cha.infd.edu.ar\/sitio\/wp-json\/wp\/v2\/media?parent=914"}],"curies":[{"name":"wp","href":"https:\/\/api.w.org\/{rel}","templated":true}]}}